1011110100010 (base 2) in base 10?
47010
What is -42263 (base 10) in base 16?
-a517
What is -18e0 (base 16) in base 11?
-486a
What is -587 (base 13) in base 12?
-678
What is 100cb (base 16) in base 14?
19d59
What is -1f11 (base 16) in base 7?
-32121
What is 10011 (base 6) in base 3?
1210021
Convert -111000010 (base 2) to base 4.
-13002
88b (base 12) to base 9
1648
Convert 242 (base 7) to base 2.
10000000
-101022210 (base 3) to base 8
-16547
What is -2172 (base 11) in base 12?
-17a6
What is -31310 (base 4) in base 16?
-374
Convert 222047 (base 8) to base 13.
28072
1224 (base 6) to base 9
367
-17980 (base 12) to base 14
-c688
20347 (base 12) to base 16
a3e7
What is -2244 (base 12) in base 14?
-1552
Convert 6563 (base 10) to base 12.
396b
-3211302 (base 4) to base 5
-432311
-102021210 (base 3) to base 13
-3990
What is -523 (base 10) in base 14?
-295
-3230 (base 5) to base 16
-1b8
Convert -3584 (base 11) to base 15.
-15ca
49c5 (base 14) to base 5
403123
464 (base 11) to base 8
1052
What is -110201 (base 3) in base 9?
-421
What is 4166 (base 7) in base 5?
21334
249 (base 10) to base 7
504
122324 (base 5) to base 4
1021222
Convert -4986 (base 11) to base 12.
-3923
What is 161022 (base 7) in base 2?
111101101010100
5f02 (base 16) to base 13
b0bc
155402 (base 6) to base 16
3c7a
What is 2b02 (base 15) in base 10?
9227
10111010 (base 2) to base 14
d4
-4563 (base 10) to base 13
-2100
3178 (base 11) to base 2
1000001100111
16cb0 (base 15) to base 6
1325220
What is -13 (base 7) in base 4?
-22
390 (base 11) to base 16
1ce
What is 21b (base 13) in base 3?
111102
What is 307 (base 9) in base 4?
3322
Convert -1101111011000 (base 2) to base 7.
-26532
5025 (base 6) to base 10
1097
Convert -522000 (base 6) to base 13.
-160c5
Convert 116142 (base 9) to base 16.
111d7
-4412 (base 5) to base 6
-2451
Convert 2531 (base 7) to base 12.
675
Convert 400334 (base 5) to base 14.
4838
Convert -20141 (base 5) to base 7.
-3531
What is -110001110010 (base 2) in base 11?
-2437
Convert 2b1 (base 13) to base 11.
3a9
Convert -612 (base 8) to base 3.
-112121
What is 5a1 (base 15) in base 7?
3502
What is -2226a (base 11) in base 6?
-405210
What is 1763 (base 11) in base 13?
103b
22402 (base 5) to base 13
963
Convert c106 (base 15) to base 4.
21330123
Convert -104 (base 8) to base 9.
-75
-105445 (base 8) to base 4
-20230211
What is 295 (base 12) in base 6?
1505
What is -5257 (base 8) in base 14?
-dd5
758 (base 15) to base 4
121322
What is 1b8 (base 14) in base 10?
358
What is 110 (base 3) in base 16?
c
Convert 3221 (base 5) to base 6.
2004
Convert -136 (base 8) to base 7.
-163
11251 (base 7) to base 10
2878
What is 1009 (base 12) in base 6?
12013
Convert 203b (base 15) to base 6.
51302
What is -9e3 (base 15) in base 8?
-4276
Convert -453 (base 8) to base 14.
-175
What is 12334 (base 6) in base 2?
11101000010
Convert -486 (base 13) to base 12.
-556
Convert -8a7 (base 13) to base 4.
-113101
660 (base 8) to base 6
2000
-4395 (base 10) to base 6
-32203
What is -48 (base 15) in base 3?
-2112
-1030120 (base 4) to base 2
-1001100011000
What is 322202 (base 6) in base 15?
7c6b
56 (base 13) to base 10
71
Convert -1aa9 (base 12) to base 5.
-101142
Convert 16255 (base 10) to base 11.
11238
What is 58636 (base 9) in base 14?
103ac
Convert -1111011000110 (base 2) to base 9.
-11723
Convert -1101011101100 (base 2) to base 9.
-10407
-291 (base 13) to base 3
-121220
Convert -631 (base 16) to base 15.
-70a
-24c2 (base 14) to base 2
-1100100101010
Convert 5141 (base 9) to base 14.
152b
What is -c0 (base 15) in base 2?
-10110100
What is 3493 (base 15) in base 6?
123403
2252 (base 6) to base 12
388
What is -6593 (base 12) in base 16?
-2bbf
213121 (base 4) to base 6
15401
1543 (base 7) to base 2
1001101011
What is -13c (base 14) in base 15?
-11a
Convert 122 (base 3) to base 10.
17
Convert 4a1a (base 15) to base 2.
11110110011111
-962 (base 10) to base 16
-3c2
11000311 (base 4) to base 6
235021
-1d38 (base 14) to base 5
-132332
-1862 (base 9) to base 6
-10345
Convert 5d0c (base 14) to base 10.
16280
What is 10100100101100 (base 2) in base 7?
42505
What is -11a11 (base 12) in base 2?
-101110101101101
-7126 (base 8) to base 11
-2837
What is 95 (base 12) in base 14?
81
What is 222420 (base 6) in base 9?
27623
Convert -32679 (base 11) to base 9.
-72013
13001 (base 4) to base 6
2025
What is 12010110 (base 3) in base 2?
111010011010
10312 (base 4) to base 8
466
Convert 2113 (base 6) to base 12.
339
What is 4929 (base 12) in base 4?
2000301
What is 1575 (base 15) in base 8?
11002
Convert -1000101001 (base 3) to base 5.
-1114304
Convert 593d (base 14) to base 3.
210022112
Convert -110110000 (base 2) to base 10.
-432
Convert -107c (base 13) to base 5.
-33200
What is 25145 (base 6) in base 2?
111010011001
Convert -10023 (base 13) to base 16.
-6fae
47 (base 10) to base 12
3b
What is -155445 (base 6) in base 3?
-210021102
What is 5c8e (base 15) in base 9?
30028
31666 (base 7) to base 4
1323100
-4023 (base 7) to base 11
-1053
What is 6502 (base 12) in base 6?
123202
What is 213110 (base 6) in base 14?
656a
Convert 1e19 (base 15) to base 3.
22222120
Convert 2c2 (base 13) to base 10.
496
13523 (base 9) to base 10
9174
2c2d (base 14) to base 7
31656
-41540 (base 8) to base 11
-11a60
Convert 13680 (base 9) to base 4.
2101122
What is -1122113 (base 4) in base 2?
-1011010010111
What is -121313 (base 4) in base 3?
-2021022
-3446 (base 7) to base 13
-75b
Convert 22012 (base 4) to base 8.
1206
What is 21 (base 7) in base 10?
15
-1020202 (base 3) to base 10
-911
Convert 1a37 (base 11) to base 5.
40311
Convert 1000022 (base 3) to base 13.
449
Convert 1110444 (base 5) to base 14.
716b
Convert -6200 (base 7) to base 15.
-98b
What is 3265 (base 11) in base 14?
17d8
What is 300010 (base 4) in base 16?
c04
What is -110100111 (base 2) in base 9?
-520
Convert d5 (base 16) to base 12.
159
Convert 21002011 (base 3) to base 5.
131121
225 (base 6) to base 10
89
What is -1433021 (base 5) in base 13?
-10aa5
What is -651 (base 11) in base 9?
-1058
22030 (base 4) to base 12
464
a3 (base 12) to base 7
234
What is -7612 (base 8) in base 7?
-14412
1511 (base 14) to base 5
104424
What is 302 (base 16) in base 11?
640
Convert 120010 (base 3) to base 9.
503
1010001110100 (base 2) to base 8
12164
What is 558 (base 15) in base 5?
14313
Convert -111010 (base 3) to base 15.
-189
17f (base 16) to base 14
1d5
What is 10133 (base 4) in base 15?
142
-1321 (base 9) to base 10
-991
What is 84ba (base 12) in base 10?
14542
14112 (base 5) to base 7
3242
What is -1011000110 (base 2) in base 13?
-428
Convert 98b (base 12) to base 6.
10255
What is -76402 (base 8) in base 15?
-9737
1956 (base 13) to base 16
ecd
What is fcf (base 16) in base 10?
4047
-6672 (base 9) to base 7
-20234
What is 42 (base 10) in base 15?
2c
What is -25012 (base 10) in base 16?
-61b4
211404 (base 5) to base 15
2189
Convert 857 (base 9) to base 7.
2020
Convert -664 (base 14) to base 15.
-594
Convert 2223 (base 9) to base 14.
853
What is -13d8 (base 16) in base 9?
-6864
What is -8a1 (base 11) in base 12?
-75b
316405 (base 7) to base 12
27a61
What is 1200120101 (base 3) in base 10?
33220
What is 110111011 (base 2) in base 11?
373
Convert -4476 (base 14) to base 2.
-10111001011000
What is 132200 (base 5) in base 6?
40312
What is 115 (base 7) in base 3?
2021
What is 7515 (base 12) in base 11?
9707
298 (base 11) to base 8
535
Convert -523 (base 6) to base 3.
-21020
Convert 42bc (base 16) to base 8.
41274
-49086 (base 11) to base 9
-116805
What is -274 (base 8) in base 9?
-228
Convert -86 (base 13) to base 10.
-110
1101010011 (base 2) to base 7
2324
-553 (base 9) to base 3
-121210
What is -11004 (base 10) in base 2?
-10101011111100
Convert -1c5 (base 16) to base 12.
-319
Convert -632 (base 11) to base 7.
-2135
What is -2407b (base 12) in base 11?
-33472
1421 (base 6) to base 11
30a
Convert a41 (base 12) to base 5.
21424
What is 21760 (base 8) in base 16?
23f0
Convert -b931 (base 13) to base 10.
-25728
47e (base 16) to base 5
14100
What is 1000010010 (base 2) in base 3?
201122
844 (base 12) to base 15
554
-1799 (base 11) to base 6
-14330
What is 5164 (base 7) in base 10?
1810
-111010101111 (base 2) to base 5
-110014
Convert -a17 (base 11) to base 13.
-736
100001111101 (base 2) to base 8
4175
-1